  {"id":213,"date":"2017-10-23T18:32:28","date_gmt":"2017-10-23T18:32:28","guid":{"rendered":"https:\/\/www.macalester.edu\/theatreanddance\/currentseason\/"},"modified":"2026-03-17T17:57:14","modified_gmt":"2026-03-17T17:57:14","slug":"events","status":"publish","type":"page","link":"https:\/\/www.macalester.edu\/theater-and-dance\/events\/","title":{"rendered":"Events"},"content":{"rendered":"<hr class=\"wp-block-separator has-alpha-channel-opacity\" \/>\n\n\n\n<h1 class=\"wp-block-heading has-text-align-center\"><strong>2025-2026 Season<\/strong><\/h1>\n\n\n\n<hr class=\"wp-block-separator has-alpha-channel-opacity\" \/>\n\n\n\n<h2 class=\"wp-block-heading has-text-align-center\">Fall 2025<\/h2>\n\n\n\n<hr class=\"wp-block-separator has-alpha-channel-opacity\" \/>\n\n\n\n<hr class=\"wp-block-separator has-alpha-channel-opacity\" \/>\n\n\n\n<figure class=\"wp-block-image size-full is-resized\"><img loading=\"lazy\" decoding=\"async\" width=\"750\" height=\"315\" src=\"https:\/\/www.macalester.edu\/theater-and-dance\/wp-content\/uploads\/sites\/595\/2025\/07\/macfest-header.png\" alt=\"\" class=\"wp-image-9721\" style=\"width:840px;height:auto\" srcset=\"https:\/\/www.macalester.edu\/theater-and-dance\/wp-content\/uploads\/sites\/595\/2025\/07\/macfest-header.png 750w,  https:\/\/www.macalester.edu\/theater-and-dance\/wp-content\/uploads\/sites\/595\/2025\/07\/macfest-header-300x126.png 300w\" sizes=\"auto, (max-width: 750px) 100vw, 750px\" \/><\/figure>\n\n\n\n<p class=\"has-text-align-center\">October 10-11<br><strong>Macfest 2025 Staged Reading<\/strong><br><a href=\"https:\/\/www.macalester.edu\/theater-and-dance\/events\/macfest-2025\/\">More Information<\/a><\/p>\n\n\n\n<p><\/p>\n\n\n\n<hr class=\"wp-block-separator has-alpha-channel-opacity\" \/>\n\n\n\n<figure class=\"wp-block-image size-full is-resized\"><img loading=\"lazy\" decoding=\"async\" width=\"750\" height=\"315\" src=\"https:\/\/www.macalester.edu\/theater-and-dance\/wp-content\/uploads\/sites\/595\/2025\/10\/1-1.png\" alt=\"\" class=\"wp-image-9991\" style=\"width:840px;height:auto\" srcset=\"https:\/\/www.macalester.edu\/theater-and-dance\/wp-content\/uploads\/sites\/595\/2025\/10\/1-1.png 750w,  https:\/\/www.macalester.edu\/theater-and-dance\/wp-content\/uploads\/sites\/595\/2025\/10\/1-1-300x126.png 300w\" sizes=\"auto, (max-width: 750px) 100vw, 750px\" \/><\/figure>\n\n\n\n<p class=\"has-text-align-center\">November 7-9 and 14-16<br><strong>&#8220;The 39 Steps&#8221; Mainstage Theater Piece directed by <a href=\"https:\/\/www.macalester.edu\/theater-and-dance\/facultystaff\/bobrosen\/\">Bob Rosen<\/a><\/strong><br><a href=\"https:\/\/www.macalester.edu\/theater-and-dance\/events\/the-39-steps\/\">More Information<\/a><\/p>\n\n\n\n<hr class=\"wp-block-separator has-alpha-channel-opacity\" \/>\n\n\n\n<figure class=\"wp-block-image size-full is-resized\"><img loading=\"lazy\" decoding=\"async\" width=\"750\" height=\"315\" src=\"https:\/\/www.macalester.edu\/theater-and-dance\/wp-content\/uploads\/sites\/595\/2025\/07\/fall-dance-conert.png\" alt=\"\" class=\"wp-image-9709\" style=\"width:840px;height:auto\" srcset=\"https:\/\/www.macalester.edu\/theater-and-dance\/wp-content\/uploads\/sites\/595\/2025\/07\/fall-dance-conert.png 750w,  https:\/\/www.macalester.edu\/theater-and-dance\/wp-content\/uploads\/sites\/595\/2025\/07\/fall-dance-conert-300x126.png 300w\" sizes=\"auto, (max-width: 750px) 100vw, 750px\" \/><\/figure>\n\n\n\n<p class=\"has-text-align-center\">November 21 &#8211; 23<br><strong>Dance Concert with Student Choreographers<\/strong><br><a href=\"https:\/\/www.macalester.edu\/theater-and-dance\/events\/dance-concert-with-student-choreographers\/\">More Information<\/a><\/p>\n\n\n\n<hr class=\"wp-block-separator has-alpha-channel-opacity\" \/>\n\n\n\n<h2 class=\"wp-block-heading has-text-align-center\">Spring 2026<\/h2>\n\n\n\n<hr class=\"wp-block-separator has-alpha-channel-opacity\" \/>\n\n\n\n<figure class=\"wp-block-image size-full is-resized\"><img loading=\"lazy\" decoding=\"async\" width=\"750\" height=\"315\" src=\"https:\/\/www.macalester.edu\/theater-and-dance\/wp-content\/uploads\/sites\/595\/2026\/01\/headers-for-events-page-1.png\" alt=\"\" class=\"wp-image-10103\" style=\"width:840px;height:auto\" srcset=\"https:\/\/www.macalester.edu\/theater-and-dance\/wp-content\/uploads\/sites\/595\/2026\/01\/headers-for-events-page-1.png 750w,  https:\/\/www.macalester.edu\/theater-and-dance\/wp-content\/uploads\/sites\/595\/2026\/01\/headers-for-events-page-1-300x126.png 300w\" sizes=\"auto, (max-width: 750px) 100vw, 750px\" \/><\/figure>\n\n\n\n<p class=\"has-text-align-center\">February 27-March 1 and March 6-8<br><strong>&#8220;Romeo and Juliet&#8221; Mainstage Theater Piece directed by <a href=\"https:\/\/www.macalester.edu\/theater-and-dance\/facultystaff\/randy-reyes\/\">Randy Reyes<\/a><\/strong><br><a href=\"https:\/\/www.macalester.edu\/theater-and-dance\/events\/romeo-and-juliet\/\">More Information<\/a><\/p>\n\n\n\n<hr class=\"wp-block-separator has-alpha-channel-opacity\" \/>\n\n\n\n<figure class=\"wp-block-image aligncenter size-full\"><img loading=\"lazy\" decoding=\"async\" width=\"750\" height=\"315\" src=\"https:\/\/www.macalester.edu\/theater-and-dance\/wp-content\/uploads\/sites\/595\/2026\/01\/headers-for-events-page.png\" alt=\"\" class=\"wp-image-10077\" srcset=\"https:\/\/www.macalester.edu\/theater-and-dance\/wp-content\/uploads\/sites\/595\/2026\/01\/headers-for-events-page.png 750w,  https:\/\/www.macalester.edu\/theater-and-dance\/wp-content\/uploads\/sites\/595\/2026\/01\/headers-for-events-page-300x126.png 300w\" sizes=\"auto, (max-width: 750px) 100vw, 750px\" \/><\/figure>\n\n\n\n<p class=\"has-text-align-center\">March 27-29, 2026 <br><strong>&#8220;Moment of Silence&#8221; <\/strong><br>A staged reading of an original play by Beja Pu\u0161k\u00e1\u0161ov\u00e1 presented in partial fulfillment of Honors in Playwriting<br><a href=\"https:\/\/www.macalester.edu\/theater-and-dance\/events\/moment-of-silence\/\">More Information<\/a><\/p>\n\n\n\n<hr class=\"wp-block-separator has-alpha-channel-opacity\" \/>\n\n\n\n<figure class=\"wp-block-image size-full is-resized\"><img loading=\"lazy\" decoding=\"async\" width=\"750\" height=\"315\" src=\"https:\/\/www.macalester.edu\/theater-and-dance\/wp-content\/uploads\/sites\/595\/2025\/07\/spr-dance-header.png\" alt=\"\" class=\"wp-image-9719\" style=\"width:840px;height:auto\" srcset=\"https:\/\/www.macalester.edu\/theater-and-dance\/wp-content\/uploads\/sites\/595\/2025\/07\/spr-dance-header.png 750w,  https:\/\/www.macalester.edu\/theater-and-dance\/wp-content\/uploads\/sites\/595\/2025\/07\/spr-dance-header-300x126.png 300w\" sizes=\"auto, (max-width: 750px) 100vw, 750px\" \/><\/figure>\n\n\n\n<p class=\"has-text-align-center\">April 10-11<br><strong>Mainstage Dance Concert with Student, Faculty, and Guest Choreographers<\/strong><br><a href=\"https:\/\/www.macalester.edu\/theater-and-dance\/events\/dance-concert-mainstage\/\">More Information<\/a><\/p>\n\n\n\n<hr class=\"wp-block-separator has-alpha-channel-opacity\" \/>\n\n\n\n<figure class=\"wp-block-image size-full is-resized\"><img loading=\"lazy\" decoding=\"async\" width=\"750\" height=\"315\" src=\"https:\/\/www.macalester.edu\/theater-and-dance\/wp-content\/uploads\/sites\/595\/2025\/12\/headers-for-events-page-1.png\" alt=\"\" class=\"wp-image-10055\" style=\"width:840px;height:auto\" srcset=\"https:\/\/www.macalester.edu\/theater-and-dance\/wp-content\/uploads\/sites\/595\/2025\/12\/headers-for-events-page-1.png 750w,  https:\/\/www.macalester.edu\/theater-and-dance\/wp-content\/uploads\/sites\/595\/2025\/12\/headers-for-events-page-1-300x126.png 300w\" sizes=\"auto, (max-width: 750px) 100vw, 750px\" \/><\/figure>\n\n\n\n<p class=\"has-text-align-center\">April 24-26 and May 1-2<br><strong>Theater Piece directed by <a href=\"https:\/\/www.macalester.edu\/theater-and-dance\/facultystaff\/kt-shorb\/\">kt shorb<\/a><\/strong><br><a href=\"https:\/\/www.macalester.edu\/theater-and-dance\/events\/devised-piece\/\">More Information<\/a><\/p>\n\n\n\n<hr class=\"wp-block-separator has-alpha-channel-opacity\" \/>\n\n\n\n<p><\/p>\n\n\n\n<p><\/p>\n\n\n\n<p><\/p>","protected":false},"excerpt":{"rendered":"<p>2025-2026 Season Fall 2025 October 10-11Macfest 2025 Staged ReadingMore Information November 7-9 and 14-16&#8220;The 39 Steps&#8221; Mainstage Theater Piece directed by Bob RosenMore Information November 21 &#8211; 23Dance Concert with Student ChoreographersMore Information Spring 2026 February 27-March 1 and March 6-8&#8220;Romeo and Juliet&#8221; Mainstage Theater Piece directed by Randy ReyesMore Information March 27-29, 2026 &#8220;Moment [&hellip;]<\/p>","protected":false},"author":1,"featured_media":0,"parent":0,"menu_order":0,"comment_status":"closed","ping_status":"closed","template":"","meta":{"_acf_changed":false,"footnotes":""},"class_list":["post-213","page","type-page","status-publish","hentry"],"acf":[],"_links":{"self":[{"href":"https:\/\/www.macalester.edu\/theater-and-dance\/wp-json\/wp\/v2\/pages\/213","targetHints":{"allow":["GET"]}}],"collection":[{"href":"https:\/\/www.macalester.edu\/theater-and-dance\/wp-json\/wp\/v2\/pages"}],"about":[{"href":"https:\/\/www.macalester.edu\/theater-and-dance\/wp-json\/wp\/v2\/types\/page"}],"author":[{"embeddable":true,"href":"https:\/\/www.macalester.edu\/theater-and-dance\/wp-json\/wp\/v2\/users\/1"}],"replies":[{"embeddable":true,"href":"https:\/\/www.macalester.edu\/theater-and-dance\/wp-json\/wp\/v2\/comments?post=213"}],"version-history":[{"count":471,"href":"https:\/\/www.macalester.edu\/theater-and-dance\/wp-json\/wp\/v2\/pages\/213\/revisions"}],"predecessor-version":[{"id":10133,"href":"https:\/\/www.macalester.edu\/theater-and-dance\/wp-json\/wp\/v2\/pages\/213\/revisions\/10133"}],"wp:attachment":[{"href":"https:\/\/www.macalester.edu\/theater-and-dance\/wp-json\/wp\/v2\/media?parent=213"}],"curies":[{"name":"wp","href":"https:\/\/api.w.org\/{rel}","templated":true}]}}